ivisor of 156 and v?
26
Let o(j) = -j**2 - 6*j. Let l be o(-6). Let n = l + 6. Calculate the highest common divisor of n and 48.
6
Suppose u = 2*t + 4, u - 4*u = 2*t - 20. Calculate the highest common factor of 6 and u.
6
Let g be 2 - 106/(-1) - -2. Calculate the highest common factor of 10 and g.
10
Suppose -5*b - 4*g + 177 = 0, -4*b = -3*g + 6*g - 141. Calculate the greatest common factor of b and 3.
3
Let y(v) = -2*v + 8. Let u be y(-5). Calculate the highest common divisor of 18 and u.
18
Let c be (-4)/18 - (-2841)/27. Calculate the greatest common divisor of 42 and c.
21
Let r(m) = -m**2 + 6*m - 1. Let f be r(7). Let t = f - -46. Suppose -5*o + 133 = t. What is the greatest common factor of 95 and o?
19
Suppose g = 17 + 3. Let l be 12/(-10)*(-50)/3. What is the highest common divisor of g and l?
20
Suppose -110 = -5*c + 2*k, c - 4*k + 3*k - 22 = 0. Let z(f) = 14*f**2 - 2*f + 3. Let n be z(2). What is the greatest common factor of n and c?
11
Let v be 6/(-33) - 334/(-22). Suppose -5*k - 4*x + 54 = 0, 4*x + 36 = k + 3*k. Calculate the greatest common divisor of k and v.
5
Suppose -57 = -5*d + 28. Let o = d + -12. What is the greatest common factor of o and 40?
5
Suppose 3*j = q - 4, q - 4*j = -6*j + 9. What is the greatest common factor of q and 63?
7
Suppose -k + 3*k = 8. Calculate the greatest common factor of 4 and k.
4
Let q = 16 + 3. Suppose 4*n - 89 = q. Let p be 0 - (-54)/(2 + 1). Calculate the greatest common divisor of p and n.
9
Let b(p) = -p**3 + 10*p**2 + 4*p. Let u be b(10). Let j(f) = -f + 20. Let x be j(0). Calculate the greatest common divisor of u and x.
20
Suppose 3*s = -d - 3 + 16, -5*s + 21 = 2*d. Suppose 0 = 5*k - 257 + 32. What is the greatest common divisor of k and s?
5
Suppose v - 9 = -0. Calculate the highest common factor of 6 and v.
3
Let b be ((-124)/6)/(3/(-18)). Let d = b + -88. What is the greatest common divisor of d and 54?
18
Suppose -6*x = -x - 10, -5*o + 19 = 2*x. Suppose 2*k = 3*k. Suppose k = -2*a + 4, -2*w = -o*w - 3*a + 61. What is the greatest common divisor of w and 5?
5
Suppose 4*u + 2*u - 72 = 0. What is the greatest common factor of 72 and u?
12
Suppose 4*d - h - 432 - 235 = 0, 2*d - 356 = -4*h. What is the highest common factor of 24 and d?
24
Suppose 5*t = 4*t - 4*x + 6, -3*t = -2*x - 32. Calculate the greatest common divisor of 4 and t.
2
Let l be (-1 + 2)*1/(-1). Let k be 3*(-1 + l - -4). Let j = 50 + -35. What is the highest common factor of j and k?
3
Let q(l) = 4*l + 2. Let o be q(5). Let y = 3 + o. Let b = 43 - y. Calculate the highest common divisor of 12 and b.
6
Let d be (9/(-27))/((-2)/192). Calculate the highest common divisor of d and 24.
8
Suppose 2*t - 24 = -t. Suppose -2*p = 2*c - 128, 4*p - 5 + 261 = 4*c. What is the greatest common factor of c and t?
8
Let n be -23 - (3 - 2)/(-1). Let k = n - -42. Suppose -7 = -2*m + 13. Calculate the highest common divisor of k and m.
10
Let p be 6/(-12)*1*-12. Let m be 3/p*-2*-4. What is the greatest common factor of m and 16?
4
Let q(a) = a**3 - 8*a**2 + 7*a + 2. Let x be q(7). Suppose -5*g + 58 = -22. What is the highest common factor of g and x?
2
Let q be 1317/15 - (0 + (-1)/5). Calculate the highest common factor of 22 and q.
22
Let h(y) = y - 6. Let t be h(8). Let f = t - 1. Let r = -2 + 4. What is the highest common factor of r and f?
1
Suppose -3*v - 27 = 3. Let j be 4/v*1*-70. What is the greatest common factor of j and 42?
14
Let p = -44 - -83. Calculate the greatest common factor of p and 13.
13
Let y(m) = -6*m - 21. Let t be y(-6). What is the greatest common factor of t and 105?
15
Let q be (-32)/6*(-1 + -8). Calculate the highest common factor of 48 and q.
48
Let w(k) = 2*k**2 - k - 4. Let d be w(-3). Suppose 5*v = 265 - 10. Calculate the highest common factor of v and d.
17
Let p(j) = -j + 7. Let r be p(10). Let w = r - -5. Suppose 5*l = w*l + 63. What is the greatest common factor of 3 and l?
3
Let y be (3 - -1) + 2*-1. Let z be (y - 0) + -7 + -1. Let v(d) = d**2 + 5*d + 2. Let s be v(z). Calculate the highest common factor of 64 and s.
8
Suppose 0 = 3*t - 8 - 73. What is the greatest common factor of 243 and t?
27
Suppose -25 = 28*m - 33*m. Suppose -432 = -m*j + 173. What is the greatest common divisor of 11 and j?
11
Let m be 1/(-2*2/(-116)). Suppose 0 = 4*b - m + 5. Let s be -2 + 18*b/4. Calculate the greatest common factor of 5 and s.
5
Let t = 6 - 7. Let c(x) = 4*x**2 + x. Let w be c(t). Suppose 29 = 3*p - 5*s + w, 2*p = -4*s + 54. Calculate the greatest common divisor of p and 51.
17
Suppose r + 10 = 2*r. Calculate the greatest common divisor of 40 and r.
10
Let b be ((-10)/15)/(4/(-12)). Calculate the highest common factor of b and 4.
2
Suppose -112 = -11*n + 4*n. What is the highest common factor of n and 128?
16
Let q = 52 + -4. Suppose 0 = -4*v + 7*v - 96. What is the highest common factor of q and v?
16
Suppose 3*m + 35 = 83. What is the greatest common divisor of m and 16?
16
Suppose 2 = 2*d - 2. Let n(q) = 0 + 6*q - q**2 + 2*q**d + 4. Let i be n(-6). What is the highest common divisor of i and 10?
2
Let z(n) = 2*n**2 - 14*n + 11. Let m be z(11). Calculate the greatest common factor of m and 9.
9
Let j(w) = 3*w**3 - 5*w**2 + w - 4. Let h be j(4). Calculate the highest common factor of 16 and h.
16
Let b = 34 + -7. Calculate the highest common factor of b and 27.
27
Let g = 343 - 145. Calculate the highest common factor of 18 and g.
18
Let t = -3 - -2. Let c(j) = -18*j**3 + j + 1. Let v be c(t). Suppose -4*b = -5*z + v + 24, 40 = 5*z - 5*b. Calculate the greatest common factor of 10 and z.
10
Let z be (-4 + 7)/((-3)/(-5)) + 0. What is the highest common divisor of z and 15?
5
Let n(a) = 2*a**2 + 2*a + 3. Let v be n(5). Suppose -4*o - 11 + 179 = 0. Calculate the greatest common divisor of v and o.
21
Let o(g) = -22*g - 6. Let u be o(-6). Suppose 7 = 5*d - 63. Calculate the greatest common factor of u and d.
14
Let z = -18 + 38. Calculate the greatest common divisor of 180 and z.
20
Suppose 4*s + 42 = 2*d, 0 = -4*s + 7*s + 15. Suppose 4*j = -2*q + 316 - 98, -3*q + 292 = -j. Calculate the greatest common divisor of q and d.
11
Let q(w) be the second derivative of 8*w**3 - 3*w. Let x be q(1). Calculate the greatest common divisor of 32 and x.
16
Suppose 480 = 3*m + 5*m. Calculate the highest common divisor of 40 and m.
20
Let f be (-40)/12*6/(-4). Suppose 34 = 3*k - f*w, -3*k + 3*w + 0*w + 30 = 0. Suppose 3*m + 0*m = 240. What is the greatest common factor of k and m?
8
Let c be ((-5)/(-15))/(2/6). Let j be 2/(c*1/13). Let f = 146 - j. What is the highest common factor of 15 and f?
15
Let z = 78 + -51. Let i = z + -5. What is the greatest common divisor of i and 154?
22
Let p be (5/2*3)/(6/8). Suppose -k = -5*u - 263, 6*k - 15 = k. Let z = 58 - u. What is the greatest common divisor of p and z?
10
Let j(y) = -y + 7. Let x be j(-4). What is the highest common factor of x and 77?
11
Let s = -9 - -13. Suppose -t + s = -3. Suppose -5*q + 112 = -3*q. Calculate the highest common divisor of q and t.
7
Suppose 3*m - 3 = 0, -47 = -4*s - 5*m + 18. What is the greatest common divisor of s and 25?
5
Let s(t) = t**3 + 10*t**2 + 8*t. Let h = -21 + 15. Let z be s(h). Calculate the highest common factor of 12 and z.
12
Suppose -2*m + 127 = 113. Let d be (1 - 0) + 124/2. What is the highest common factor of d and m?
7
Let b = -100 - -109. Let g = 9 + -3. Let t(f) = -f**3 + 9*f**2 - f - 3. Let a be t(g). Calculate the greatest common divisor of b and a.
9
Let n be (128/5)/(1/5). Let z = -4 + 6. Let w be (-31)/(-2) - z/(-4). Calculate the greatest common factor of n and w.
16
Suppose 3*q = -0*q + 21. Let r(m) = m**3 - 6*m**2 - 8*m + 10. Let s be r(q). What is the highest common factor of 33 and s?
3
Suppose 12*x + 595 = 17*x. Calculate the greatest common factor of 17 and x.
17
Let k be (-1069)/(-9) + 8/36. Let l = -1 + 18. What is the greatest common factor of l and k?
17
Suppose -2*g + 191 = -123. Suppose g = 5*m - 43. Let l = 16 + 0. Calculate the greatest common divisor of m and l.
8
Let i(m) = m**3 + 4*m**2 - 4*m + 7. Let q be i(-4). What is the highest common divisor of q and 115?
23
Let b(w) = 2*w + 14. Let z be b(-6). Suppose 0 = 4*c - v - 206 + 33, 0 = z*c - v - 85. Calculate the greatest common divisor of 4 and c.
4
Let d